o base 8.
-313
Convert -32 (base 4) to base 5.
-24
3 (base 13) to base 2
11
Convert 39 (base 10) to base 3.
1110
Convert -113 (base 9) to base 12.
-79
-2 (base 16) to base 10
-2
Convert 150 (base 8) to base 11.
95
What is 11011011 (base 2) in base 5?
1334
-2 (base 12) to base 10
-2
Convert -1 (base 13) to base 7.
-1
What is 33 (base 7) in base 10?
24
What is -5 (base 10) in base 14?
-5
What is -10010 (base 2) in base 5?
-33
What is -6 (base 14) in base 2?
-110
What is 28 (base 15) in base 3?
1102
Convert 12 (base 5) to base 9.
7
Convert 1 (base 6) to base 4.
1
-b (base 13) to base 14
-b
130 (base 7) to base 9
77
What is 34 (base 11) in base 9?
41
What is 245 (base 6) in base 5?
401
What is -4 (base 8) in base 5?
-4
-214 (base 5) to base 2
-111011
Convert -12 (base 14) to base 3.
-121
What is -1331 (base 4) in base 16?
-7d
17 (base 12) to base 15
14
Convert -99 (base 10) to base 12.
-83
What is -113 (base 10) in base 3?
-11012
What is -221 (base 4) in base 14?
-2d
What is -21 (base 3) in base 13?
-7
What is 111 (base 9) in base 3?
10101
Convert 0 (base 13) to base 5.
0
Convert -14 (base 14) to base 9.
-20
-45 (base 7) to base 14
-25
Convert -10110 (base 2) to base 7.
-31
-5 (base 7) to base 16
-5
Convert -242 (base 5) to base 13.
-57
3 (base 11) to base 6
3
What is 2 (base 12) in base 5?
2
a (base 11) to base 14
a
8a (base 16) to base 8
212
-db (base 14) to base 11
-166
What is 21 (base 7) in base 16?
f
Convert 1 (base 6) to base 7.
1
Convert 2 (base 12) to base 15.
2
5 (base 7) to base 11
5
What is 331 (base 8) in base 3?
22001
What is 1111 (base 4) in base 3?
10011
Convert -19 (base 11) to base 7.
-26
-24 (base 12) to base 15
-1d
What is 2 (base 15) in base 8?
2
Convert a (base 13) to base 2.
1010
Convert 38 (base 10) to base 12.
32
What is -11 (base 4) in base 6?
-5
Convert 8 (base 14) to base 6.
12
Convert 432 (base 5) to base 8.
165
-33 (base 7) to base 2
-11000
234 (base 5) to base 6
153
What is 1 (base 15) in base 2?
1
What is 1 (base 5) in base 14?
1
Convert 17 (base 10) to base 3.
122
What is 4c (base 16) in base 8?
114
20 (base 7) to base 8
16
Convert -1 (base 14) to base 8.
-1
Convert -b (base 12) to base 13.
-b
What is -22 (base 3) in base 7?
-11
What is 2 (base 7) in base 15?
2
Convert -1 (base 14) to base 9.
-1
-14 (base 6) to base 2
-1010
Convert -3e (base 15) to base 16.
-3b
What is 2d (base 15) in base 5?
133
What is -15 (base 16) in base 9?
-23
What is 106 (base 9) in base 7?
153
-3 (base 16) to base 14
-3
-34 (base 10) to base 14
-26
What is 5 (base 16) in base 11?
5
What is -13 (base 4) in base 10?
-7
-2 (base 6) to base 2
-10
-3110 (base 4) to base 10
-212
What is 20 (base 12) in base 15?
19
Convert -1 (base 14) to base 9.
-1
9 (base 13) to base 2
1001
242 (base 5) to base 9
80
Convert -3d (base 16) to base 13.
-49
20 (base 3) to base 8
6
Convert 3 (base 15) to base 6.
3
What is -414 (base 7) in base 13?
-12c
Convert 11 (base 10) to base 8.
13
Convert -113 (base 4) to base 6.
-35
Convert 231 (base 4) to base 6.
113
-118 (base 15) to base 4
-3320
3 (base 14) to base 3
10
112 (base 4) to base 11
20
Convert -1 (base 4) to base 14.
-1
What is -2200 (base 3) in base 2?
-1001000
What is -a (base 13) in base 7?
-13
212 (base 5) to base 16
39
What is -21 (base 7) in base 13?
-12
What is 5 (base 6) in base 8?
5
Convert -121 (base 3) to base 10.
-16
9 (base 15) to base 4
21
1 (base 16) to base 13
1
What is -47 (base 12) in base 3?
-2001
46 (base 9) to base 15
2c
10 (base 4) to base 14
4
8 (base 16) to base 4
20
What is -3 (base 5) in base 9?
-3
What is -6c (base 16) in base 10?
-108
What is -3 (base 12) in base 5?
-3
What is 2 (base 5) in base 8?
2
Convert -6 (base 16) to base 12.
-6
15 (base 16) to base 5
41
What is 6a (base 12) in base 16?
52
What is -5 (base 13) in base 4?
-11
What is 11 (base 6) in base 4?
13
What is 1110 (base 2) in base 16?
e
Convert 10110 (base 2) to base 5.
42
Convert -11 (base 2) to base 12.
-3
-4 (base 8) to base 3
-11
210 (base 6) to base 7
141
Convert -20 (base 6) to base 3.
-110
-44 (base 9) to base 5
-130
Convert 1010010 (base 2) to base 6.
214
Convert 1102 (base 3) to base 10.
38
a (base 15) to base 6
14
What is -2 (base 4) in base 5?
-2
What is 7 (base 12) in base 8?
7
Convert -9 (base 10) to base 14.
-9
Convert -2 (base 5) to base 14.
-2
What is 6 (base 14) in base 2?
110
What is 35 (base 7) in base 12?
22
What is 3 (base 16) in base 10?
3
What is 12010 (base 3) in base 7?
255
1 (base 13) to base 4
1
Convert 1 (base 14) to base 10.
1
What is -20 (base 16) in base 12?
-28
Convert 2020 (base 3) to base 4.
330
-14 (base 6) to base 13
-a
What is 88 (base 13) in base 10?
112
2 (base 4) to base 2
10
Convert -45 (base 16) to base 2.
-1000101
Convert -3 (base 13) to base 11.
-3
What is -22 (base 3) in base 14?
-8
Convert -20 (base 11) to base 3.
-211
What is 6 (base 13) in base 12?
6
10 (base 7) to base 3
21
Convert -3 (base 14) to base 3.
-10
Convert 20 (base 8) to base 16.
10
What is -117 (base 12) in base 6?
-431
-1 (base 16) to base 14
-1
What is -6 (base 9) in base 15?
-6
-12 (base 10) to base 15
-c
What is 110 (base 4) in base 6?
32
What is 2 (base 8) in base 9?
2
29 (base 16) to base 11
38
27 (base 11) to base 7
41
What is -5 (base 11) in base 10?
-5
-7 (base 8) to base 12
-7
-300 (base 4) to base 3
-1210
What is 0 (base 3) in base 5?
0
What is -1f (base 16) in base 4?
-133
103 (base 4) to base 9
21
What is 2 (base 9) in base 6?
2
Convert -134 (base 5) to base 11.
-40
Convert 420 (base 6) to base 15.
a6
-1111 (base 2) to base 16
-f
-11 (base 13) to base 10
-14
What is 93 (base 13) in base 9?
143
Convert 38 (base 11) to base 12.
35
What is -1 (base 3) in base 11?
-1
Convert -47 (base 9) to base 16.
-2b
What is 6 (base 10) in base 7?
6
Convert -3 (base 14) to base 4.
-3
Convert -111 (base 9) to base 8.
-133
Convert 0 (base 10) to base 16.
0
-20212 (base 3) to base 9
-225
What is 169 (base 16) in base 12?
261
Convert -3 (base 16) to base 6.
-3
2 (base 12) to base 7
2
Convert -87 (base 9) to base 8.
-117
2 (base 5) to base 8
2
Convert e (base 15) to base 14.
10
Convert -213 (base 4) to base 2.
-100111
Convert 20 (base 8) to base 10.
16
13 (base 11) to base 14
10
Convert 312 (base 5) to base 6.
214
Convert -61 (base 7) to base 5.
-133
What is -211 (base 3) in base 4?
-112
What is 12 (base 6) in base 5?
13
0 (base 4) to base 9
0
-2 (base 14) to base 8
-2
Convert 32 (base 6) to base 12.
18
Convert -2 (base 7) to base 3.
-2
What is -1402 (base 6) in base 3?
-111102
1 (base 2) to base 12
1
Convert -3 (base 9) to base 14.
-3
3 (base 7) to base 12
3
What is 10 (base 2) in base 8?
2
Convert -11 (base 3) to base 6.
-4
Convert -54 (base 10) to base 6.
-130
-6 (base 7) to base 12
-6
Convert 1d (base 16) to base 9.
32
-2 (base 9) to base 12
-2
What is -11 (base 3) in base 11?
-4
Convert -2 (base 15) to base 11.
-2
130 (base 5) to base 3
1111
What is 31 (base 7) in base 15?
17
What is 12 (base 5) in base 16?
7
-1 (base 9) to base 14
-1
-32 (base 6) to base 9
-22
1 (base 11) to base 12
1
14 (base 13) to base 8
21
-2 (base 8) to base 15
-2
Convert 1101 (base 2) to base 5.
23
Convert -40 (base 6) to base 4.
-120
13 (base 10) to base 3
111
What is 21 (base 4) in base 8?
11
Convert 1 (base 13) to base 16.
1
Convert 74 (base 10) to base 15.
4e
0 (base 14) to base 13
0
Convert 221 (base 5) to base 7.
115
Convert -3 (base 13) to base 16.
-3
What is -65 (base 9) in base 11?
-54
Convert -8 (base 12) to base 8.
-10
Convert -9 (base 14) to base 11.
-9
What is 22011 (base 3) in base 7?
433
Convert 11101 (base 2) to base 9.
32
Convert -10 (base 4) to base 11.
-4
Convert 17 (base 10) to base 12.
15
-15 (base 7) to base 13
-c
12 (base 11) to base 12
11
What is 5 (base 15) in base 13?
5
Convert 95 (base 14) to base 12.
ab
What is 3 (base 15) in base 2?
11
2 (base 6) to base 15
2
Convert 1 (base 14) to base 2.
1
What is 9 (base 12) in base 15?
9
What is 1 (base 5) in base 10?
1
Convert 100 (base 5) to base 11.
23
Convert -11 (base 3) to base 13.
-4
Convert -3 (base 5) to base 16.
-3
Convert -30 (base 9) to base 3.
-1000
a3 (base 15) to base 4
2121
What is 0 (base 2) in base 11?
0
Convert -1 (base 9) to base 13.
-1
What is 446 (base 8) in base 6?
1210
7 (base 14) to base 15
7
Convert 5 (base 15) to base 6.
5
What is 93 (base 14) in